e 9.
-42554
What is 98c (base 13) in base 5?
23022
1100 (base 2) to base 12
10
Convert -1078 (base 10) to base 16.
-436
-242 (base 12) to base 14
-1a2
Convert -1022 (base 15) to base 11.
-2618
-67a (base 15) to base 9
-2007
-4830 (base 9) to base 15
-10e6
What is a06c (base 15) in base 16?
843c
What is 1101110011101101 (base 2) in base 7?
323614
What is 666 (base 15) in base 8?
2646
What is 400203 (base 7) in base 2?
10000011100000001
Convert -161 (base 10) to base 9.
-188
9a2d (base 15) to base 16
7f9c
What is 112373 (base 8) in base 16?
94fb
What is 10529 (base 12) in base 9?
32426
-12300 (base 6) to base 7
-5232
Convert -100 (base 8) to base 4.
-1000
4d (base 14) to base 7
126
174133 (base 8) to base 3
10020012210
What is 120011 (base 3) in base 10?
409
100001010111000 (base 2) to base 9
25377
Convert 230214 (base 5) to base 8.
17770
-1123 (base 5) to base 2
-10100011
What is -23142 (base 11) in base 8?
-101242
Convert -643 (base 15) to base 11.
-1075
Convert -2e8 (base 16) to base 2.
-1011101000
364213 (base 7) to base 13
24247
Convert 4460 (base 7) to base 13.
96b
66d (base 15) to base 8
2655
-322312 (base 4) to base 13
-1939
-2058 (base 15) to base 12
-3b55
Convert 11031 (base 4) to base 9.
410
46b (base 14) to base 3
1012120
What is -6e19 (base 16) in base 14?
-a3b3
Convert -823 (base 15) to base 16.
-729
Convert -21211 (base 5) to base 8.
-2627
Convert -26547 (base 8) to base 9.
-16844
What is 94b (base 14) in base 3?
2111211
35787 (base 9) to base 8
56646
What is -3359 (base 13) in base 11?
-5430
What is -10 (base 14) in base 2?
-1110
-23762 (base 9) to base 8
-37074
1181b (base 16) to base 15
163a7
-1111130 (base 4) to base 10
-5468
b6 (base 16) to base 2
10110110
50d3 (base 15) to base 4
10022301
Convert -12969 (base 12) to base 15.
-7899
7d8 (base 14) to base 10
1562
What is 1231331 (base 5) in base 2?
101110110011110
Convert 146175 (base 8) to base 14.
15113
What is 445 (base 10) in base 13?
283
Convert 7844 (base 10) to base 4.
1322210
-4720 (base 10) to base 8
-11160
Convert -c1ba (base 13) to base 11.
-19060
Convert -3000302 (base 4) to base 8.
-30062
7e0 (base 16) to base 13
bc1
Convert -417 (base 11) to base 15.
-237
What is 1022202 (base 3) in base 6?
4245
-21210 (base 6) to base 14
-10a2
Convert 1bc1 (base 13) to base 3.
12210001
-21622 (base 7) to base 13
-2638
What is -1663 (base 8) in base 16?
-3b3
Convert -3a6 (base 12) to base 14.
-2bc
-2258 (base 14) to base 13
-2934
What is -11110200 (base 3) in base 8?
-6272
Convert 2440 (base 6) to base 11.
4a6
Convert -1111100100 (base 2) to base 3.
-1100220
182b (base 13) to base 9
4824
380a9 (base 11) to base 12
27796
Convert 1a45 (base 11) to base 2.
101000011110
What is -2010100111 (base 3) in base 7?
-232615
1184 (base 10) to base 11
987
What is -1000110011001 (base 2) in base 3?
-20011212
Convert -4552 (base 6) to base 9.
-1425
What is 93 (base 11) in base 8?
146
What is -10001200 (base 3) in base 10?
-2232
-31384 (base 9) to base 11
-14637
-3a2 (base 14) to base 12
-50a
What is 99b (base 13) in base 14?
85b
What is -6527 (base 14) in base 2?
-100010001000111
Convert 2204 (base 7) to base 15.
378
Convert 158 (base 13) to base 2.
11110010
Convert b1b4 (base 13) to base 3.
1020120210
-560 (base 16) to base 15
-61b
Convert a3d (base 16) to base 2.
101000111101
-312 (base 13) to base 9
-640
What is -11111111111 (base 2) in base 3?
-2210211
-30 (base 7) to base 4
-111
Convert -7645 (base 10) to base 14.
-2b01
Convert 122010 (base 3) to base 9.
563
What is -3200 (base 4) in base 6?
-1012
What is -41326 (base 7) in base 2?
-10011110000010
-45 (base 15) to base 3
-2102
1589 (base 12) to base 9
3446
375 (base 10) to base 4
11313
-960 (base 13) to base 6
-11223
Convert 1350 (base 6) to base 9.
433
Convert 817 (base 9) to base 15.
2e4
Convert 1088 (base 9) to base 4.
30221
Convert -4236 (base 8) to base 11.
-1726
Convert 21ac (base 15) to base 11.
53a9
Convert -10100110 (base 4) to base 12.
-a104
-27209 (base 10) to base 3
-1101022202
What is -8787 (base 9) in base 7?
-24613
What is 4311 (base 12) in base 4?
1302331
What is -534 (base 16) in base 8?
-2464
1223102 (base 5) to base 6
300531
What is 11235 (base 6) in base 8?
3107
-2dba (base 14) to base 12
-48b4
174 (base 9) to base 7
301
-109 (base 14) to base 4
-3031
-11b4 (base 15) to base 4
-322321
What is 3254 (base 8) in base 5?
23313
Convert -401 (base 13) to base 8.
-1245
2020314 (base 5) to base 13
11aa6
What is 10112 (base 6) in base 2?
10100111100
What is 371 (base 8) in base 6?
1053
-2cc (base 13) to base 4
-13322
3245 (base 7) to base 6
5212
Convert -132321 (base 6) to base 9.
-17674
What is -1733 (base 10) in base 8?
-3305
What is 110101 (base 2) in base 5?
203
What is 1897 (base 14) in base 13?
203c
Convert -3070 (base 11) to base 7.
-14603
-230 (base 12) to base 13
-1bc
-1001101110 (base 2) to base 4
-21232
What is 1225 (base 7) in base 10?
460
-51484 (base 11) to base 7
-431662
What is -ea7 (base 15) in base 4?
-303223
What is 316 (base 8) in base 10?
206
Convert -10303 (base 7) to base 10.
-2551
-63317 (base 9) to base 13
-16054
Convert 6480 (base 10) to base 16.
1950
c76 (base 13) to base 8
4115
What is 141102 (base 5) in base 3?
21220222
What is 2055 (base 6) in base 7?
1235
What is -8910 (base 12) in base 9?
-22673
Convert -4091 (base 11) to base 14.
-1d96
What is -26656 (base 10) in base 15?
-7d71
What is -22a (base 15) in base 10?
-490
What is -42 (base 9) in base 5?
-123
22303231 (base 4) to base 11
30295
Convert -143 (base 11) to base 10.
-168
What is 1104a (base 14) in base 13?
159c3
Convert -110201112 (base 3) to base 14.
-3547
Convert -20101 (base 5) to base 16.
-4fc
624a (base 15) to base 16
5122
Convert -101101011011111 (base 2) to base 10.
-23263
311344 (base 6) to base 2
110000110010000
What is 1dd6 (base 16) in base 12?
4506
-7031 (base 14) to base 2
-100101100110011
What is 11210011 (base 3) in base 15?
1077
Convert 323432 (base 5) to base 6.
123245
Convert 1583 (base 15) to base 8.
11017
13535 (base 7) to base 9
5062
What is -7030 (base 10) in base 12?
-409a
-7c0 (base 15) to base 12
-1023
What is 1201211 (base 3) in base 13?
763
6184 (base 12) to base 9
15501
Convert -431 (base 8) to base 7.
-551
Convert -216 (base 14) to base 15.
-1c7
What is -3010 (base 6) in base 4?
-22032
What is -11030 (base 6) in base 9?
-2080
Convert -747 (base 9) to base 11.
-505
Convert -21c4 (base 16) to base 10.
-8644
Convert -1404 (base 10) to base 5.
-21104
-2352 (base 10) to base 15
-a6c
Convert -28117 (base 9) to base 4.
-10221223
What is 437 (base 11) in base 8?
1014
Convert 1701 (base 8) to base 11.
7a4
222 (base 9) to base 16
b6
-26a6 (base 13) to base 7
-22110
What is -8a6 (base 12) in base 4?
-103332
13ab (base 16) to base 11
3868
Convert 1011033 (base 4) to base 9.
6063
10577 (base 8) to base 4
1011333
Convert 3231342 (base 5) to base 2.
1101011110110110
19812 (base 14) to base 10
64696
What is -676 (base 15) in base 14?
-765
30c3 (base 14) to base 11
634a
What is -10d (base 14) in base 6?
-545
Convert 858c (base 15) to base 2.
110111001100001
Convert -2046 (base 7) to base 11.
-5a5
Convert 3a5 (base 14) to base 4.
23131
What is -111000111 (base 2) in base 10?
-455
Convert -100 (base 8) to base 13.
-4c
What is 2112 (base 4) in base 8?
226
What is 23499 (base 11) in base 3?
1201110100
Convert -32504 (base 7) to base 8.
-17712
Convert -65332 (base 9) to base 13.
-16916
Convert 221220 (base 4) to base 2.
101001101000
12405 (base 8) to base 6
40525
Convert 1001222 (base 5) to base 9.
23618
Convert 11122 (base 7) to base 15.
c74
What is -b3 (base 12) in base 10?
-135
Convert -4077 (base 8) to base 4.
-200333
Convert -2a89 (base 14) to base 5.
-220234
-1c (base 14) to base 4
-122
-996 (base 14) to base 4
-131220
c00b (base 15) to base 14
10a99
What is -2247 (base 8) in base 10?
-1191
Convert d6 (base 14) to base 7.
356
What is 786d (base 16) in base 2?
111100001101101
What is -107 (base 14) in base 2?
-11001011
Convert -486 (base 9) to base 3.
-112220
-16 (base 7) to base 6
-21
What is -2170 (base 9) in base 13?
-963
Convert 136 (base 15) to base 13.
183
Convert b9 (base 13) to base 16.
98
Convert a9 (base 12) to base 16.
81
Convert 43136 (base 7) to base 3.
112200122
254 (base 7) to base 4
2021
What is cc06 (base 14